{"id":5322,"date":"2024-11-25T16:51:49","date_gmt":"2024-11-25T15:51:49","guid":{"rendered":"https:\/\/www.unp.edu.pe\/web\/?page_id=5322"},"modified":"2025-04-03T20:38:55","modified_gmt":"2025-04-03T18:38:55","slug":"estaciones-metereologicas","status":"publish","type":"page","link":"https:\/\/www.unp.edu.pe\/web\/estaciones-metereologicas\/","title":{"rendered":"Estaciones Meteorol\u00f3gicas"},"content":{"rendered":"\t\t<div data-elementor-type=\"wp-page\" data-elementor-id=\"5322\" class=\"elementor elementor-5322\">\n\t\t\t\t<div class=\"elementor-element elementor-element-0ce7d73 e-flex e-con-boxed wpr-particle-no wpr-jarallax-no wpr-parallax-no wpr-sticky-section-no e-con e-parent\" data-id=\"0ce7d73\" data-element_type=\"container\" data-settings=\"{&quot;background_background&quot;:&quot;classic&quot;}\">\n\t\t\t\t\t<div class=\"e-con-inner\">\n\t\t\t\t<div class=\"elementor-element elementor-element-c949eaf elementor-invisible elementor-widget elementor-widget-heading\" data-id=\"c949eaf\" data-element_type=\"widget\" data-settings=\"{&quot;_animation&quot;:&quot;fadeIn&quot;}\" data-widget_type=\"heading.default\">\n\t\t\t\t<div class=\"elementor-widget-container\">\n\t\t\t\t\t<h2 class=\"elementor-heading-title elementor-size-default\">ESTACIONES METEOROL\u00d3GICAS<\/h2>\t\t\t\t<\/div>\n\t\t\t\t<\/div>\n\t\t\t\t\t<\/div>\n\t\t\t\t<\/div>\n\t\t<div class=\"elementor-element elementor-element-3ea34ce e-flex e-con-boxed wpr-particle-no wpr-jarallax-no wpr-parallax-no wpr-sticky-section-no e-con e-parent\" data-id=\"3ea34ce\" data-element_type=\"container\">\n\t\t\t\t\t<div class=\"e-con-inner\">\n\t\t<div class=\"elementor-element elementor-element-d3d9d39 e-con-full e-flex wpr-particle-no wpr-jarallax-no wpr-parallax-no wpr-sticky-section-no e-con e-child\" data-id=\"d3d9d39\" data-element_type=\"container\">\n\t\t\t\t<div class=\"elementor-element elementor-element-80d8020 elementor-widget elementor-widget-heading\" data-id=\"80d8020\" data-element_type=\"widget\" data-widget_type=\"heading.default\">\n\t\t\t\t<div class=\"elementor-widget-container\">\n\t\t\t\t\t<h2 class=\"elementor-heading-title elementor-size-default\">Monitoreo Clim\u00e1tico<\/h2>\t\t\t\t<\/div>\n\t\t\t\t<\/div>\n\t\t\t\t<div class=\"elementor-element elementor-element-7f06c14 elementor-widget elementor-widget-heading\" data-id=\"7f06c14\" data-element_type=\"widget\" data-widget_type=\"heading.default\">\n\t\t\t\t<div class=\"elementor-widget-container\">\n\t\t\t\t\t<h2 class=\"elementor-heading-title elementor-size-default\">Estaciones Meteorol\u00f3gicas en la UNP<\/h2>\t\t\t\t<\/div>\n\t\t\t\t<\/div>\n\t\t\t\t<div class=\"elementor-element elementor-element-96921f3 elementor-widget elementor-widget-text-editor\" data-id=\"96921f3\" data-element_type=\"widget\" data-widget_type=\"text-editor.default\">\n\t\t\t\t<div class=\"elementor-widget-container\">\n\t\t\t\t\t\t\t\t\t<p>Las estaciones meteorol\u00f3gicas son instalaciones cient\u00edficas equipadas con diversos instrumentos para medir y registrar las condiciones del clima en una ubicaci\u00f3n espec\u00edfica. Estos dispositivos permiten monitorear variables como la temperatura, humedad, velocidad del viento, presi\u00f3n atmosf\u00e9rica, radiaci\u00f3n solar y precipitaciones, entre otros. Los datos recopilados por las estaciones son esenciales para el an\u00e1lisis del clima local, el pron\u00f3stico del tiempo, la investigaci\u00f3n ambiental y el estudio de fen\u00f3menos meteorol\u00f3gicos extremos.<\/p><p>En la Universidad Nacional de Piura (UNP), diversas estaciones meteorol\u00f3gicas se encuentran distribuidas en diferentes puntos del campus y \u00e1reas aleda\u00f1as, con el objetivo de proporcionar informaci\u00f3n precisa sobre las condiciones clim\u00e1ticas de la regi\u00f3n. A continuaci\u00f3n, se presentan las ubicaciones de estas estaciones.<\/p>\t\t\t\t\t\t\t\t<\/div>\n\t\t\t\t<\/div>\n\t\t\t\t<\/div>\n\t\t<div class=\"elementor-element elementor-element-2e5e644 e-con-full e-flex wpr-particle-no wpr-jarallax-no wpr-parallax-no wpr-sticky-section-no e-con e-child\" data-id=\"2e5e644\" data-element_type=\"container\">\n\t\t\t\t<div class=\"elementor-element elementor-element-7efa96a wpr-promo-box-style-cover elementor-invisible elementor-widget elementor-widget-wpr-promo-box\" data-id=\"7efa96a\" data-element_type=\"widget\" data-settings=\"{&quot;_animation&quot;:&quot;zoomIn&quot;}\" data-widget_type=\"wpr-promo-box.default\">\n\t\t\t\t<div class=\"elementor-widget-container\">\n\t\t\t\t\t\n\t\t<div class=\"wpr-promo-box wpr-animation-wrap\">\n\n\t\t\t\t\t\t<a class=\"wpr-promo-box-link\" href=\"https:\/\/www.weatherlink.com\/embeddablePage\/show\/00be5a8b226d452c8662562bc9c2f258\/summary\" target=\"_blank\"><\/a>\t\n\t\t\t\t\t\t\t\n\t\t\t\t\t\t\t<div class=\"wpr-promo-box-image\">\n\t\t\t\t\t<div class=\"wpr-promo-box-bg-image wpr-bg-anim-move-down wpr-anim-timing-ease-default\" style=\"background-image:url(https:\/\/www.unp.edu.pe\/web\/wp-content\/uploads\/2024\/11\/image-177.png);\"><\/div>\n\t\t\t\t\t<div class=\"wpr-promo-box-bg-overlay wpr-border-anim-oscar\"><\/div>\n\t\t\t\t<\/div>\n\t\t\t\t\t\t\n\t\t\t<div class=\"wpr-promo-box-content\">\n\n\t\t\t\t\t\t\t\t<div class=\"wpr-promo-box-icon\">\n\t\t\t\t\t\t\t\t\t<\/div>\n\t\t\t\t\n\t\t\t\t<h3 class=\"wpr-promo-box-title\"><span>Rectorado<\/span><\/h3>\n\t\t\t\t\n\t\t\t\t\t\t\t<\/div>\n\n\t\t\t\t\t<\/div>\n\n\t\t\t\t\t\t<\/div>\n\t\t\t\t<\/div>\n\t\t\t\t<\/div>\n\t\t<div class=\"elementor-element elementor-element-cd3e971 e-con-full e-flex wpr-particle-no wpr-jarallax-no wpr-parallax-no wpr-sticky-section-no e-con e-child\" data-id=\"cd3e971\" data-element_type=\"container\">\n\t\t\t\t<div class=\"elementor-element elementor-element-69ecbb2 wpr-promo-box-style-cover elementor-invisible elementor-widget elementor-widget-wpr-promo-box\" data-id=\"69ecbb2\" data-element_type=\"widget\" data-settings=\"{&quot;_animation&quot;:&quot;zoomIn&quot;}\" data-widget_type=\"wpr-promo-box.default\">\n\t\t\t\t<div class=\"elementor-widget-container\">\n\t\t\t\t\t\n\t\t<div class=\"wpr-promo-box wpr-animation-wrap\">\n\n\t\t\t\t\t\t<a class=\"wpr-promo-box-link\" href=\"https:\/\/www.weatherlink.com\/embeddablePage\/show\/471c3d35ec5e44cabcfa5f6f1e603637\/summary\" target=\"_blank\"><\/a>\t\n\t\t\t\t\t\t\t\n\t\t\t\t\t\t\t<div class=\"wpr-promo-box-image\">\n\t\t\t\t\t<div class=\"wpr-promo-box-bg-image wpr-bg-anim-move-down wpr-anim-timing-ease-default\" style=\"background-image:url(https:\/\/www.unp.edu.pe\/web\/wp-content\/uploads\/2024\/11\/image-178.png);\"><\/div>\n\t\t\t\t\t<div class=\"wpr-promo-box-bg-overlay wpr-border-anim-oscar\"><\/div>\n\t\t\t\t<\/div>\n\t\t\t\t\t\t\n\t\t\t<div class=\"wpr-promo-box-content\">\n\n\t\t\t\t\t\t\t\t<div class=\"wpr-promo-box-icon\">\n\t\t\t\t\t\t\t\t\t<\/div>\n\t\t\t\t\n\t\t\t\t<h3 class=\"wpr-promo-box-title\"><span>Posgrado<\/span><\/h3>\n\t\t\t\t\n\t\t\t\t\t\t\t<\/div>\n\n\t\t\t\t\t<\/div>\n\n\t\t\t\t\t\t<\/div>\n\t\t\t\t<\/div>\n\t\t\t\t<\/div>\n\t\t<div class=\"elementor-element elementor-element-f39c0d8 e-con-full e-flex wpr-particle-no wpr-jarallax-no wpr-parallax-no wpr-sticky-section-no e-con e-child\" data-id=\"f39c0d8\" data-element_type=\"container\">\n\t\t\t\t<div class=\"elementor-element elementor-element-582f2b3 wpr-promo-box-style-cover elementor-invisible elementor-widget elementor-widget-wpr-promo-box\" data-id=\"582f2b3\" data-element_type=\"widget\" data-settings=\"{&quot;_animation&quot;:&quot;zoomIn&quot;}\" data-widget_type=\"wpr-promo-box.default\">\n\t\t\t\t<div class=\"elementor-widget-container\">\n\t\t\t\t\t\n\t\t<div class=\"wpr-promo-box wpr-animation-wrap\">\n\n\t\t\t\t\t\t<a class=\"wpr-promo-box-link\" href=\"https:\/\/www.weatherlink.com\/embeddablePage\/show\/aeed1c9912cb49a097fec665b670147b\/summary\" target=\"_blank\"><\/a>\t\n\t\t\t\t\t\t\t\n\t\t\t\t\t\t\t<div class=\"wpr-promo-box-image\">\n\t\t\t\t\t<div class=\"wpr-promo-box-bg-image wpr-bg-anim-move-down wpr-anim-timing-ease-default\" style=\"background-image:url(https:\/\/www.unp.edu.pe\/web\/wp-content\/uploads\/2024\/11\/image-179.png);\"><\/div>\n\t\t\t\t\t<div class=\"wpr-promo-box-bg-overlay wpr-border-anim-oscar\"><\/div>\n\t\t\t\t<\/div>\n\t\t\t\t\t\t\n\t\t\t<div class=\"wpr-promo-box-content\">\n\n\t\t\t\t\t\t\t\t<div class=\"wpr-promo-box-icon\">\n\t\t\t\t\t\t\t\t\t<\/div>\n\t\t\t\t\n\t\t\t\t<h3 class=\"wpr-promo-box-title\"><span>Oficina de Tecnolog\u00edas y Comunicaciones<\/span><\/h3>\n\t\t\t\t\n\t\t\t\t\t\t\t<\/div>\n\n\t\t\t\t\t<\/div>\n\n\t\t\t\t\t\t<\/div>\n\t\t\t\t<\/div>\n\t\t\t\t<\/div>\n\t\t<div class=\"elementor-element elementor-element-7b30068 e-con-full e-flex wpr-particle-no wpr-jarallax-no wpr-parallax-no wpr-sticky-section-no e-con e-child\" data-id=\"7b30068\" data-element_type=\"container\">\n\t\t\t\t<div class=\"elementor-element elementor-element-0f309d5 wpr-promo-box-style-cover elementor-invisible elementor-widget elementor-widget-wpr-promo-box\" data-id=\"0f309d5\" data-element_type=\"widget\" data-settings=\"{&quot;_animation&quot;:&quot;zoomIn&quot;}\" data-widget_type=\"wpr-promo-box.default\">\n\t\t\t\t<div class=\"elementor-widget-container\">\n\t\t\t\t\t\n\t\t<div class=\"wpr-promo-box wpr-animation-wrap\">\n\n\t\t\t\t\t\t<a class=\"wpr-promo-box-link\" href=\"https:\/\/www.weatherlink.com\/embeddablePage\/show\/b96c5197b11a4656820878c429001670\/summary\" target=\"_blank\"><\/a>\t\n\t\t\t\t\t\t\t\n\t\t\t\t\t\t\t<div class=\"wpr-promo-box-image\">\n\t\t\t\t\t<div class=\"wpr-promo-box-bg-image wpr-bg-anim-move-down wpr-anim-timing-ease-default\" style=\"background-image:url(https:\/\/www.unp.edu.pe\/web\/wp-content\/uploads\/2024\/11\/image-180.png);\"><\/div>\n\t\t\t\t\t<div class=\"wpr-promo-box-bg-overlay wpr-border-anim-oscar\"><\/div>\n\t\t\t\t<\/div>\n\t\t\t\t\t\t\n\t\t\t<div class=\"wpr-promo-box-content\">\n\n\t\t\t\t\t\t\t\t<div class=\"wpr-promo-box-icon\">\n\t\t\t\t\t\t\t\t\t<\/div>\n\t\t\t\t\n\t\t\t\t<h3 class=\"wpr-promo-box-title\"><span>Laboratorio de F\u00edsica<\/span><\/h3>\n\t\t\t\t\n\t\t\t\t\t\t\t<\/div>\n\n\t\t\t\t\t<\/div>\n\n\t\t\t\t\t\t<\/div>\n\t\t\t\t<\/div>\n\t\t\t\t<\/div>\n\t\t\t\t\t<\/div>\n\t\t\t\t<\/div>\n\t\t\t\t<\/div>\n\t\t","protected":false},"excerpt":{"rendered":"<p>ESTACIONES METEOROL\u00d3GICAS Monitoreo Clim\u00e1tico Estaciones Meteorol\u00f3gicas en la UNP Las estaciones meteorol\u00f3gicas son instalaciones cient\u00edficas equipadas con diversos instrumentos para medir y registrar las condiciones del clima en una ubicaci\u00f3n espec\u00edfica. Estos dispositivos permiten monitorear variables como la temperatura, humedad, velocidad del viento, presi\u00f3n atmosf\u00e9rica, radiaci\u00f3n solar y precipitaciones, entre otros. Los datos recopilados por las estaciones son esenciales para el an\u00e1lisis del clima local, el pron\u00f3stico del tiempo, la investigaci\u00f3n ambiental y el estudio de fen\u00f3menos meteorol\u00f3gicos extremos. En la Universidad Nacional de Piura (UNP), diversas estaciones meteorol\u00f3gicas se encuentran distribuidas en diferentes puntos del campus y \u00e1reas aleda\u00f1as, con el objetivo de proporcionar informaci\u00f3n precisa sobre las condiciones clim\u00e1ticas de la regi\u00f3n. A continuaci\u00f3n, se presentan las ubicaciones de estas estaciones. Rectorado Posgrado Oficina de Tecnolog\u00edas y Comunicaciones Laboratorio de F\u00edsica<\/p>\n","protected":false},"author":2,"featured_media":0,"parent":0,"menu_order":0,"comment_status":"closed","ping_status":"closed","template":"","meta":{"footnotes":""},"class_list":["post-5322","page","type-page","status-publish","hentry"],"_links":{"self":[{"href":"https:\/\/www.unp.edu.pe\/web\/wp-json\/wp\/v2\/pages\/5322","targetHints":{"allow":["GET"]}}],"collection":[{"href":"https:\/\/www.unp.edu.pe\/web\/wp-json\/wp\/v2\/pages"}],"about":[{"href":"https:\/\/www.unp.edu.pe\/web\/wp-json\/wp\/v2\/types\/page"}],"author":[{"embeddable":true,"href":"https:\/\/www.unp.edu.pe\/web\/wp-json\/wp\/v2\/users\/2"}],"replies":[{"embeddable":true,"href":"https:\/\/www.unp.edu.pe\/web\/wp-json\/wp\/v2\/comments?post=5322"}],"version-history":[{"count":32,"href":"https:\/\/www.unp.edu.pe\/web\/wp-json\/wp\/v2\/pages\/5322\/revisions"}],"predecessor-version":[{"id":8051,"href":"https:\/\/www.unp.edu.pe\/web\/wp-json\/wp\/v2\/pages\/5322\/revisions\/8051"}],"wp:attachment":[{"href":"https:\/\/www.unp.edu.pe\/web\/wp-json\/wp\/v2\/media?parent=5322"}],"curies":[{"name":"wp","href":"https:\/\/api.w.org\/{rel}","templated":true}]}}